2*g**2. What is the units digit of v(0)?
9
Let o = -134 + 137. Suppose 0*q = o*q - h - 555, 0 = 2*q - 5*h - 357. What is the units digit of q?
6
Let o = 2485 - -766. What is the thousands digit of o?
3
Suppose 57*y = 52*y + 1770. What is the tens digit of y?
5
Let k(j) be the third derivative of 0*j + 0*j**4 + 1/10*j**5 + 0 - 1/120*j**6 - 2/3*j**3 + 6*j**2. What is the units digit of k(4)?
8
Let u = -84 - -90. What is the tens digit of (-66)/5*2*(-15)/u?
6
Let c(b) = 65*b**3 - 3*b**2 - 4*b + 21. What is the units digit of c(3)?
7
Let o(l) = -5*l + 19. Let j be o(7). What is the units digit of (15/(-3))/(8/j)?
0
Let m be (-5 + 1)/(8/(-4)). Suppose 0 = -y + m*l + 16, 7*l = -2*y + 2*l + 14. Suppose -3*a + y = 0, -2*u + 3*a - 13 = -105. What is the tens digit of u?
5
Suppose -2*v = -2*u - 4, u + 0*u + 2*v + 14 = 0. Let x(w) = w**2 - 2*w - 13. Let q be x(u). Suppose -q = 5*g - 150. What is the tens digit of g?
2
Let v(y) = -y**2 - 135*y - 40. What is the tens digit of v(-29)?
3
Suppose -3*k + 4017 - 1289 = -5*y, 4*y = -20. What is the hundreds digit of k?
9
Suppose 0*b + 28 = 7*b. Suppose -b*y = -605 + 237. What is the tens digit of y?
9
Let w = -82 - -84. Suppose -w*g + 8*s + 226 = 5*s, s = -g + 113. What is the hundreds digit of g?
1
Let z(i) be the second derivative of -i**3 + i**2/2 + 13*i. What is the units digit of z(-3)?
9
Suppose -3*x + 2*x = j - 13, -5*j = -3*x + 63. What is the tens digit of -1 + 192 + (14 - x)?
8
Let t(y) = -7*y**2 - 10*y + 6. Let i(f) = -20*f**2 - 30*f + 18. Let s(a) = -6*i(a) + 17*t(a). What is the units digit of s(5)?
9
Let f be (-35)/(-10)*(2 + (-30)/21). What is the hundreds digit of f - ((-5 - -2) + -158)?
1
Let y(v) = 148*v + 56. What is the hundreds digit of y(5)?
7
Let x(v) be the second derivative of 5*v**4/12 - 2*v**3 - v**2 + 5*v. Let i(u) be the first derivative of x(u). What is the tens digit of i(5)?
3
Suppose 0 = 2*a - 2*u - 16, 3*u + 6 = -2*a - 3. Suppose a*v - 15 = -2*v. Suppose 2*p - 31 = -h, v*h + 4*p - 78 = p. What is the units digit of h?
1
Suppose -221 = -s - 0*n + n, 5*s + 3*n = 1065. Suppose -2*w + 6*w - s = 0. What is the tens digit of w?
5
Let u be 12*(1 - 10/4). What is the units digit of 12/u*(-642)/4?
7
Suppose 0 = -77*v + 71*v + 3252. What is the tens digit of v?
4
Let v(h) = -13*h + 287. What is the tens digit of v(-3)?
2
Suppose 0 = 57*l - 88175 - 30043. What is the thousands digit of l?
2
Let f = -989 - -1429. What is the hundreds digit of f?
4
Suppose 5*r - 47 - 485 = -3*o, 2*r + 2*o - 216 = 0. What is the tens digit of ((-1)/2)/((-4)/r)?
1
Let f = -7 - -15. Suppose 98 = f*j - 6*j. Suppose 0*d + 2*d = -g + 21, 0 = 5*g - 4*d - j. What is the units digit of g?
3
Let d(x) = 2*x + 1. Let n be d(1). Suppose n*h = 186 - 15. Suppose 2*j - h = -j. What is the units digit of j?
9
What is the thousands digit of 49212/8 + (-2)/4?
6
Suppose 3*l - 5*s = -8*s + 5658, -20 = -4*s. What is the thousands digit of l?
1
What is the tens digit of (-2 + 174/(-12))*-44?
2
Let f be 1 - -1 - (0 - 5). Suppose -52 - 102 = -f*r. What is the tens digit of r?
2
What is the hundreds digit of (-27)/36 + (-4)/32*-9318?
1
Let d = 724 + -322. Suppose 3*w = d - 111. What is the tens digit of w?
9
Let z(k) = k + 16. Let c be z(-6). Suppose c*p = -58 + 478. What is the tens digit of p?
4
Let m be (-2 - -3) + 870/10. Let y = m + -10. What is the tens digit of y?
7
Let u(z) = -206*z - 579. What is the thousands digit of u(-27)?
4
Let q(f) be the first derivative of -f**2/2 - 9*f - 10. Let k be q(-6). Let v = 42 - k. What is the units digit of v?
5
What is the units digit of (-2276)/(-2) + (-144)/24?
2
Let q be 2/(-15) + 244/30. Let g(l) = l**2 - 6*l - 11. Let w be g(q). Suppose -4*c = -w*i + 151, -4*c = -6 + 2. What is the tens digit of i?
3
Let r = -8 + 16. Let o be 2/r + 105/28. Suppose -3*f - o*s + 40 = -2*f, -3*s = 9. What is the units digit of f?
2
What is the hundreds digit of 884/(-6)*(-61 - -55)?
8
Let b be (3 - (-2 + 4))/(-1). Let p(m) = -51*m. Let d be p(b). Let l = 86 - d. What is the units digit of l?
5
Suppose -121*t + 113*t + 4000 = 0. What is the hundreds digit of t?
5
Let k(z) = -24*z - 4. Let r(t) = -2*t + 1. Let x be r(3). What is the hundreds digit of k(x)?
1
Let x(f) = -f**3 - 8*f**2 + 8*f + 6. Let j = -4 + -1. Let y = j + -4. What is the tens digit of x(y)?
1
Suppose 0 = -t - 687 + 39. Let d = -429 - t. What is the hundreds digit of d?
2
Suppose -4*n - 406 = -h, h - 131 = 5*n + 271. What is the tens digit of h?
2
Let r = 1066 + -639. What is the units digit of r?
7
Let z(m) = -m**2 - 26*m + 57. Let t(h) = -2*h + 6. Let b be t(13). What is the hundreds digit of z(b)?
1
Let d(p) = -2*p**3 + 2*p + 18. Let h(l) = 3*l**3 - 4*l - 37. Let q = 25 + -30. Let t(v) = q*d(v) - 3*h(v). What is the units digit of t(0)?
1
Let w be (-15)/(-10)*8/3. Let k(b) = -2 - 2*b**3 - 2*b**2 - 4*b**2 + w*b + 3*b**3. What is the units digit of k(6)?
2
Suppose -5*a = 70 + 230. What is the units digit of -4 - a/(4 + 1)?
8
Let t(z) = z**3 - 2*z**2 + z + 2. Let x be t(2). Suppose d = -x*i + 62, -4*i + 5*d + 74 = -0*i. What is the units digit of i?
6
Suppose -11*y + 14*y - 915 = 0. What is the units digit of y?
5
Let r be -1 - (2 - 32)*15/(-6). Let u = r - -122. What is the tens digit of u?
4
Suppose -12*x - 7056 = -24*x. Let w = 914 - x. What is the units digit of w?
6
Let x(n) = n**2 - 9*n. Let p be x(9). Suppose 0 = 7*z - 7 - p. What is the units digit of 1 + ((-4)/z)/(-1)?
5
Suppose 8*s - 12*s + 11731 = h, 8793 = 3*s - h. What is the hundreds digit of s?
9
Suppose -i - 4 - 9 = 0. Let b(x) be the first derivative of -x**2 - 16*x - 6. What is the units digit of b(i)?
0
What is the tens digit of (43080/180)/((-1)/(-3))?
1
Let g(s) = s - 26. Let p be g(-5). Let z = p - -94. What is the units digit of z?
3
Suppose -20*g - 754 + 19654 = 0. What is the hundreds digit of g?
9
What is the hundreds digit of 196 + -6 - (0 - -1)?
1
Let f = 220 - 82. What is the units digit of f?
8
Let v(g) = g**3 - 12*g**2 + 107*g - 11. What is the tens digit of v(8)?
8
Let r = 15 + -10. Suppose 0 = r*u + 44 - 334. What is the units digit of u?
8
Let k = 122 + -56. What is the tens digit of (40/8)/(3/k)?
1
Let n be (-23)/1 + (-1 - -3). Let m = 48 + n. What is the units digit of m?
7
Let x = 4 + 1. Suppose -13 = -x*l + 7. What is the units digit of l?
4
Let s(o) = -35*o**3 - 2*o**2 + 2*o - 1. Suppose 0 = -2*d - 5*u - 23 - 0, -2*u - 8 = 2*d. Let r be s(d). What is the tens digit of (r/16)/((-2)/32)?
3
Suppose 8*z - 9*z + 2*t + 1089 = 0, 3*z - 3285 = -3*t. What is the thousands digit of z?
1
What is the tens digit of 45 - (0/(6 + -8) - 3)?
4
Let r(z) = 9*z**2 - 7*z - 127. What is the units digit of r(-12)?
3
Suppose 0*k = 5*s - 3*k - 4383, -s = -k - 877. What is the units digit of s?
6
Suppose h = 22 - 154. Let s = h - -346. What is the units digit of s?
4
Suppose -9*z = -7*z - 12. Suppose 5*d - z*d = -61. What is the tens digit of d?
6
What is the hundreds digit of (-4)/5 - (-16149)/105?
1
Let j = 67 + -65. Suppose -2*x + j*t + 88 = -354, 2*x = -t + 445. What is the tens digit of x?
2
Let v(p) = 4*p + 6. Let u(m) = -m**2 - 3. Let x be u(0). Let k(w) = 9*w + 13. Let a(t) = x*k(t) + 7*v(t). What is the units digit of a(-1)?
2
Let g(q) = q**2 - 7*q - 2. Let s be g(5). Let o be 140/21*s/(-5). Let n = -10 + o. What is the units digit of n?
6
Let g(z) = -2*z - 16. Suppose -4*r - 3*x - 40 = 0, 0 = -5*r + 3*x - 28 - 22. Let k be g(r). What is the units digit of -3 + (k - 2) - -20?
9
Let p(c) = -c**2 - 3*c + 3. Let j be p(-3). Suppose -j*l + 1 = 13. What is the units digit of (2 + -8)/(6/l)?
4
Let a(n) = n - 3. Let d be a(2). Let i(f) be the second derivative of -f**3 - f**2 - f. What is the units digit of i(d)?
4
What is the hundreds digit of 11/2*6*8?
2
Suppose -152 = 9*z - 13*z. Let g(x) = x**2 + 3*x + 9. Let c be g(-6). Let m = z - c. What is the units digit of m?
1
Let k be (6 - 5)/((-1)/(-3)). Let x = 134 + -132. Suppose u + k*r + x = 7, -20 = -2*u - r. What is the tens digit of u?
1
What is the hundreds digit of 311 + -9 + 11 + -3?
3
Let u(s) = 6*s - 13. Let m = 8 + 5. Let j be u(m). Let c = j + -46. What is the tens digit of c?
1
Suppose 75 = z - 6*z. What is the units digit of (6/z)/((-3)/180)?
4
What is the tens digit of (-167783)/(-33)*(-42)/(-49)?
5
Suppose